. List the prime factors of n.
17
Suppose 0 = -3*n + 5*n. Suppose n = -t + 11 + 2. What are the prime factors of t?
13
Suppose -5*l - r + 332 = 2*r, -3*l + 184 = -2*r. What are the prime factors of l?
2
Suppose 129 = 5*i - 481. What are the prime factors of i?
2, 61
Suppose -g + 3*g = 76. Suppose 5*h + 4*y - g = 0, 5*y - 2*y = -h + 1. Suppose 18 + h = 4*c. List the prime factors of c.
7
Suppose 10*q - 11*q = 0. Suppose -v = -q*v - 21. List the prime factors of v.
3, 7
Suppose -7*v = -8*v + 3. Let c(a) = 3 - 2 - 2 + a**2. List the prime factors of c(v).
2
Suppose -2*u - 4*h + 46 = 0, 0*u + 72 = 4*u + 3*h. What are the prime factors of u?
3, 5
Let v(s) = s**3 + s**2 + s - 2. Let b = 14 + -12. What are the prime factors of v(b)?
2, 3
Let a(h) = 7*h - 20. Let l(w) = -8*w + 21. Let p(d) = 4*a(d) + 3*l(d). List the prime factors of p(12).
31
Let j = -3 + 0. Let h(f) = 4*f + 9. Let r be h(-6). Let s = j - r. List the prime factors of s.
2, 3
Let j = -5 - -6. Let t be (j*-2)/(8/(-36)). Let s(h) = -h**3 + 10*h**2 - 6*h - 12. What are the prime factors of s(t)?
3, 5
Let a = -4 + -3. Let j(v) = -v**2 - 5*v + 1. Let z(i) = i**2 + 6*i - 1. Let d(u) = -2*j(u) - 3*z(u). What are the prime factors of d(a)?
2
Suppose 4*u = -5*m + 449, 3*u = 2*m - 0*m - 175. What are the prime factors of m?
89
Let m(x) = -2*x + 2. Let f = -5 - -1. What are the prime factors of m(f)?
2, 5
Let v be (44/(-5))/((-12)/30). Suppose v = l - q, -q + 34 = 2*l - 5*q. List the prime factors of l.
3
Let g(p) = -p**2 + 2*p**2 + 2*p + p**2 + 0*p. List the prime factors of g(-2).
2
Let i(b) = -12*b**3 - 2*b - 1. What are the prime factors of i(-1)?
13
Suppose -y - 20 = -5*y. Suppose -y*o = 4 - 49. List the prime factors of o.
3
Suppose 4*w + 27 = w. Let u be (-3 - -5) + w/(-3). Suppose q = 2*q + 5*d + 8, -u*q + d + 64 = 0. List the prime factors of q.
2, 3
Suppose -5*o + 1 + 5 = -r, -4*r + 8 = -4*o. Suppose -4*d = -o*d - 12. What are the prime factors of d?
2, 3
Suppose -2*z - 5*w = -37 - 1, 0 = -3*z + 4*w + 34. What are the prime factors of z?
2, 7
Let k(f) = f**3 + 3*f**2 - 5*f + 1. Let i be k(-4). Suppose -2*u + 31 = -2*w + 3*u, i*w = u - 20. What are the prime factors of (-1)/w + (-130)/(-15)?
3
Let v(f) = 6*f**2 - 3*f + 10. List the prime factors of v(-4).
2, 59
Let u = 51 - 28. List the prime factors of u.
23
Suppose -s + 5*u + 14 = 0, -5*s = -u - 4*u - 130. What are the prime factors of s?
29
Suppose -2*j = -l - 4, 5*l + 3*j + 7 - 26 = 0. Suppose 2*t - s - 25 = -l*t, -2*t - 2*s = -20. List the prime factors of t.
7
Let k = 33 - 30. List the prime factors of k.
3
Let v(h) be the second derivative of -h**5/20 + h**4/3 + h**3/2 - 2*h**2 + 3*h. Let t be v(4). What are the prime factors of (0 - 2)/(t/(-44))?
11
Suppose -4*a - o = -31, 37 = a + 4*a + 3*o. Suppose 4*u = 3*u + a. What are the prime factors of u?
2
Suppose -12 = -4*j - 5*g + 3, 3*g - 9 = 0. Suppose -3*t + 0*t - 18 = 3*z, j = -2*z - 3*t - 9. Let r = 0 - z. What are the prime factors of r?
3
Suppose -61 = -5*i + 74. Let k = 7 + i. Suppose -k = -5*c - 4. List the prime factors of c.
2, 3
Let l(s) be the second derivative of s**5/20 + 5*s**4/6 - s**3/2 + 5*s**2/2 - 3*s. List the prime factors of l(-10).
5, 7
Suppose 3*q = 103 - 22. Suppose 2*s - q = -s. What are the prime factors of s?
3
Let h = -15 + -1. Let v = 24 - h. List the prime factors of v.
2, 5
Suppose 0 = -o + 4*l + 21, 21 = o - 0*o + 2*l. Suppose -5*p + o = -4. List the prime factors of p.
5
Suppose -44 - 106 = -5*a. List the prime factors of a.
2, 3, 5
Suppose -2*m + 2*o + 68 = 0, 0 = -2*m - 4*o + 3*o + 83. List the prime factors of m.
3, 13
Let d = 181 - 117. Suppose 0 = -4*t - 0*t + d. What are the prime factors of t?
2
Let i = 221 - 144. What are the prime factors of i?
7, 11
Let x be (-2)/(-6) + (-177)/(-9). Let u be 416/14 + (-16)/(-56). Let q = u - x. List the prime factors of q.
2, 5
Let s be (-12)/(-9)*(-30)/(-4). Suppose -r = r - s. List the prime factors of r.
5
Let q = 5 + -1. Suppose -q*m = -5*m + 18. List the prime factors of m.
2, 3
Let i(s) = -s + 4. Let c be i(3). Let n = 8 - c. List the prime factors of (2 + n)/(2/2).
3
Suppose -s = -u - 0*u + 1, -2 = -4*s - 2*u. What are the prime factors of (s + -2)*184/(-16)?
23
Let r(j) = -j**3 + 5*j**2 - 5*j + 6. Let b be r(4). Suppose 0*y - 22 = -b*y. What are the prime factors of y?
11
Let f = 32 - 15. List the prime factors of f.
17
Let a = 106 - 0. List the prime factors of a.
2, 53
Let f(w) = -12*w**2 + 9*w - 4 + 3*w**3 - 2*w**3 + 4*w - 1. Let j be f(11). Suppose 0*q + j = q. What are the prime factors of q?
17
Let h = 49 + -9. List the prime factors of h.
2, 5
List the prime factors of (3 - 140 - 3/(-1))*-1.
2, 67
Let t(f) = 33*f. Let c be t(2). Suppose -c = -0*q - 3*q. List the prime factors of q.
2, 11
Let q = -32 - -20. Let i be 3/(-9) - 220/(-12). Let b = q + i. What are the prime factors of b?
2, 3
Let h(y) = -2*y**3 + 43*y**2 + 28*y - 47. What are the prime factors of h(22)?
5, 17
Suppose u - 2*o - 44 = 0, -16*u - 3*o = -14*u - 116. List the prime factors of u.
2, 13
List the prime factors of -3*(-2 - -1)*1.
3
Let k = 2 - -12. What are the prime factors of (-3 - k/(-8))*-4?
5
Let t(l) = 2*l**2 - 2. List the prime factors of t(-3).
2
Let z(j) = -3*j - 29. Let d(o) = -o - 10. Let y(u) = 8*d(u) - 3*z(u). List the prime factors of y(0).
7
Let u(v) be the third derivative of 0 + 1/12*v**4 - 3*v**2 - 2/3*v**3 + 0*v + 1/120*v**6 + 1/12*v**5. List the prime factors of u(-3).
2
Let d(i) = i - 2. Suppose -17 = -4*b - 1. Let v be d(b). Suppose 0 = -r + 3, v*r - 1 + 4 = z. What are the prime factors of z?
3
Let h = 3 - 0. Let x(i) = -i**2 + 5*i + 2. Let j be x(h). Let o = j + -1. What are the prime factors of o?
7
Let c(p) = -2*p + 11. List the prime factors of c(-14).
3, 13
Let i(x) = -3*x**2 - x**3 - 2*x + 2 + 5 - 2*x**2. What are the prime factors of i(-6)?
5, 11
Suppose -146 = -5*j + 124. What are the prime factors of j?
2, 3
List the prime factors of (-139)/3*(-2 - (7 - 3)).
2, 139
Let m(s) = -s**3 - 5*s**2 + 7*s + 7. Let b be m(-6). Let h be 1/(13/12 - b). Suppose 0 = 2*q - q - h. What are the prime factors of q?
2, 3
Let u(g) = g**3 - 8*g**2 + 7*g + 3. Let i be u(7). Suppose -3 = -m - 1, -4*z + 6 = i*m. Suppose 18 = 2*p - z. List the prime factors of p.
3
Suppose 3*d - 3*f = 5 + 16, -3*f = 0. Suppose -44 = -3*o + 4*k, -5*o - 2*k = -23 - d. List the prime factors of o.
2
Let i(k) = k**3 + 2*k**2 - 5*k - 4. Let w be i(-3). Let f be 0 + w + (-6)/(-3). Suppose -8*j = -f*j - 12. List the prime factors of j.
3
Suppose -9 = -0*a - a. Let b = 11 + a. List the prime factors of b.
2, 5
Let k be 1172/20 - (-2)/5. Let z = k + -25. What are the prime factors of z?
2, 17
Let v be 28 + (4 - 2 - 6). Let c = v + -6. List the prime factors of c.
2, 3
Let d be (-15)/(-1) + -5 + 2. Let c = -6 + d. List the prime factors of c.
2, 3
Let n = 51 + -36. List the prime factors of n.
3, 5
Suppose -4*y = 0, 0 = -5*d + 5*y - 26 - 34. Let h be 1/(1 + 5/(-4)). Let g = h - d. What are the prime factors of g?
2
Let h = 5 + -3. Suppose 3*r - 11 + h = 0. What are the prime factors of 28/6 + 1/r?
5
Suppose 3*g - 94 = 26. What are the prime factors of g?
2, 5
Suppose 3*l = 2*x - 1, 4 = x + 2*x - 2*l. Suppose -3 = u + p + x*p, -5*p + 16 = 4*u. List the prime factors of (-10)/5*u/(-2).
3
Suppose 3*w + 18 = 4*q, -2*w - 10 = -6*q + 4*q. Let m(n) be the first derivative of -n**3/3 + 5*n**2/2 - 2*n + 1. List the prime factors of m(q).
2
Suppose 4*p = p + 2*g + 111, -4*p - 5*g = -125. What are the prime factors of p?
5, 7
Suppose n - 20 = -0*n. Let d = n - 6. List the prime factors of d.
2, 7
Suppose y - 2 = -y. Let g = 21 + y. Suppose 4*k - 42 = -3*b, b = -2*k - b + g. List the prime factors of k.
3
Let f be (-4)/(-10) + 208/(-20). Suppose 4*g = 4*w + 56, -g - 40 = 3*w + 22. Let t = f - w. What are the prime factors of t?
3
Let o(k) = 18*k**3 + k. List the prime factors of o(1).
19
Suppose 16 = -5*f + 156. Let x be 1/((-2)/(-30)) + 0. Let p = f - x. List the prime factors of p.
13
Let s be ((-8)/(-12))/((-2)/(-18)). Let x(u) = -15*u**2 + 6*u - 3. Let d(l) = 7*l**2 - 3*l + 1. Let z(q) = 13*d(q) + 6*x(q). What are the prime factors of z(s)?
13
Let j(b) = b**2 - 4*b - 6. Let w be j(-4). Suppose -w = -5*i + 4. List the prime factors of i.
2, 3
Let 